[INFO] cloning repository https://github.com/tawashichan/uefi-rs-sample
[INFO] running `Command { std: "git" "-c" "credential.helper=" "-c" "credential.helper=/workspace/cargo-home/bin/git-credential-null" "clone" "--bare" "https://github.com/tawashichan/uefi-rs-sample" "/workspace/cache/git-repos/https%3A%2F%2Fgithub.com%2Ftawashichan%2Fuefi-rs-sample", kill_on_drop: false }`
[INFO] [stderr] Cloning into bare repository '/workspace/cache/git-repos/https%3A%2F%2Fgithub.com%2Ftawashichan%2Fuefi-rs-sample'...
[INFO] running `Command { std: "git" "rev-parse" "HEAD", kill_on_drop: false }`
[INFO] [stdout] 4eb21bb54962a9c87aa585783a0f5d36d05d8b5b
[INFO] checking tawashichan/uefi-rs-sample against master#af3c6e733a40e671550e0f0f5aeecaa13772ba56 for pr-74989
[INFO] running `Command { std: "git" "clone" "/workspace/cache/git-repos/https%3A%2F%2Fgithub.com%2Ftawashichan%2Fuefi-rs-sample" "/workspace/builds/worker-14/source", kill_on_drop: false }`
[INFO] [stderr] Cloning into '/workspace/builds/worker-14/source'...
[INFO] [stderr] done.
[INFO] validating manifest of git repo https://github.com/tawashichan/uefi-rs-sample on toolchain af3c6e733a40e671550e0f0f5aeecaa13772ba56
[INFO] running `Command { std: "/workspace/cargo-home/bin/cargo" "+af3c6e733a40e671550e0f0f5aeecaa13772ba56" "read-manifest" "--manifest-path" "Cargo.toml", kill_on_drop: false }`
[INFO] started tweaking git repo https://github.com/tawashichan/uefi-rs-sample
[INFO] removed path dependency uefi from git repo https://github.com/tawashichan/uefi-rs-sample
[INFO] removed path dependency uefi-services from git repo https://github.com/tawashichan/uefi-rs-sample
[INFO] finished tweaking git repo https://github.com/tawashichan/uefi-rs-sample
[INFO] tweaked toml for git repo https://github.com/tawashichan/uefi-rs-sample written to /workspace/builds/worker-14/source/Cargo.toml
[INFO] crate git repo https://github.com/tawashichan/uefi-rs-sample already has a lockfile, it will not be regenerated
[INFO] running `Command { std: "/workspace/cargo-home/bin/cargo" "+af3c6e733a40e671550e0f0f5aeecaa13772ba56" "fetch" "--locked" "--manifest-path" "Cargo.toml", kill_on_drop: false }`
[INFO] [stderr] warning: dependency (uefi) specified without providing a local path, Git repository, or version to use. This will be considered an error in future versions
[INFO] [stderr] warning: dependency (uefi-services) specified without providing a local path, Git repository, or version to use. This will be considered an error in future versions
[INFO] [stderr]     Updating crates.io index
[INFO] [stderr] error: the lock file /workspace/builds/worker-14/source/Cargo.lock needs to be updated but --locked was passed to prevent this
[INFO] [stderr] If you want to try to generate the lock file without accessing the network, use the --offline flag.
[INFO] the lockfile is outdated, regenerating it
[INFO] running `Command { std: "/workspace/cargo-home/bin/cargo" "+af3c6e733a40e671550e0f0f5aeecaa13772ba56" "generate-lockfile" "--manifest-path" "Cargo.toml" "-Zno-index-update", kill_on_drop: false }`
[INFO] running `Command { std: "/workspace/cargo-home/bin/cargo" "+af3c6e733a40e671550e0f0f5aeecaa13772ba56" "fetch" "--locked" "--manifest-path" "Cargo.toml", kill_on_drop: false }`
[INFO] [stderr] warning: dependency (uefi) specified without providing a local path, Git repository, or version to use. This will be considered an error in future versions
[INFO] [stderr] warning: dependency (uefi-services) specified without providing a local path, Git repository, or version to use. This will be considered an error in future versions
[INFO] running `Command { std: "docker" "create" "-v" "/var/lib/crater-agent-workspace/builds/worker-14/target:/opt/rustwide/target:rw,Z" "-v" "/var/lib/crater-agent-workspace/builds/worker-14/source:/opt/rustwide/workdir:ro,Z" "-v" "/var/lib/crater-agent-workspace/cargo-home:/opt/rustwide/cargo-home:ro,Z" "-v" "/var/lib/crater-agent-workspace/rustup-home:/opt/rustwide/rustup-home:ro,Z" "-e" "SOURCE_DIR=/opt/rustwide/workdir" "-e" "CARGO_TARGET_DIR=/opt/rustwide/target" "-e" "CARGO_HOME=/opt/rustwide/cargo-home" "-e" "RUSTUP_HOME=/opt/rustwide/rustup-home" "-w" "/opt/rustwide/workdir" "-m" "1610612736" "--user" "0:0" "--network" "none" "rustops/crates-build-env@sha256:d92eaeed33fa75130ca1ee6c8a01d1ffb62bac859dfdfb3450e3e5d1c0146529" "/opt/rustwide/cargo-home/bin/cargo" "+af3c6e733a40e671550e0f0f5aeecaa13772ba56" "metadata" "--no-deps" "--format-version=1", kill_on_drop: false }`
[INFO] [stdout] ccc80066767763fb4317642047a239f9eb116b8b01d765579eb9503e4c06aff0
[INFO] [stderr] WARNING: Your kernel does not support swap limit capabilities or the cgroup is not mounted. Memory limited without swap.
[INFO] running `Command { std: "docker" "start" "-a" "ccc80066767763fb4317642047a239f9eb116b8b01d765579eb9503e4c06aff0", kill_on_drop: false }`
[INFO] running `Command { std: "docker" "inspect" "ccc80066767763fb4317642047a239f9eb116b8b01d765579eb9503e4c06aff0", kill_on_drop: false }`
[INFO] running `Command { std: "docker" "rm" "-f" "ccc80066767763fb4317642047a239f9eb116b8b01d765579eb9503e4c06aff0", kill_on_drop: false }`
[INFO] [stdout] ccc80066767763fb4317642047a239f9eb116b8b01d765579eb9503e4c06aff0
[INFO] running `Command { std: "docker" "create" "-v" "/var/lib/crater-agent-workspace/builds/worker-14/target:/opt/rustwide/target:rw,Z" "-v" "/var/lib/crater-agent-workspace/builds/worker-14/source:/opt/rustwide/workdir:ro,Z" "-v" "/var/lib/crater-agent-workspace/cargo-home:/opt/rustwide/cargo-home:ro,Z" "-v" "/var/lib/crater-agent-workspace/rustup-home:/opt/rustwide/rustup-home:ro,Z" "-e" "SOURCE_DIR=/opt/rustwide/workdir" "-e" "CARGO_TARGET_DIR=/opt/rustwide/target" "-e" "CARGO_INCREMENTAL=0" "-e" "RUST_BACKTRACE=full" "-e" "RUSTFLAGS=--cap-lints=forbid" "-e" "CARGO_HOME=/opt/rustwide/cargo-home" "-e" "RUSTUP_HOME=/opt/rustwide/rustup-home" "-w" "/opt/rustwide/workdir" "-m" "1610612736" "--user" "0:0" "--network" "none" "rustops/crates-build-env@sha256:d92eaeed33fa75130ca1ee6c8a01d1ffb62bac859dfdfb3450e3e5d1c0146529" "/opt/rustwide/cargo-home/bin/cargo" "+af3c6e733a40e671550e0f0f5aeecaa13772ba56" "check" "--frozen" "--all" "--all-targets" "--message-format=json", kill_on_drop: false }`
[INFO] [stdout] cc3faeb3bbff5df1acf97c6bc8566db0f83d684a07919ef38253c995239613b9
[INFO] [stderr] WARNING: Your kernel does not support swap limit capabilities or the cgroup is not mounted. Memory limited without swap.
[INFO] running `Command { std: "docker" "start" "-a" "cc3faeb3bbff5df1acf97c6bc8566db0f83d684a07919ef38253c995239613b9", kill_on_drop: false }`
[INFO] [stderr] warning: dependency (uefi) specified without providing a local path, Git repository, or version to use. This will be considered an error in future versions
[INFO] [stderr] warning: dependency (uefi-services) specified without providing a local path, Git repository, or version to use. This will be considered an error in future versions
[INFO] [stderr]    Compiling syn v1.0.41
[INFO] [stderr]    Compiling bitflags v1.2.1
[INFO] [stderr]     Checking bit_field v0.10.1
[INFO] [stderr]    Compiling x86_64 v0.11.7
[INFO] [stderr]     Checking cfg-if v0.1.10
[INFO] [stderr]     Checking bit_field v0.9.0
[INFO] [stderr]     Checking log v0.4.11
[INFO] [stderr]     Checking ucs2 v0.3.1
[INFO] [stderr]    Compiling uefi-macros v0.3.3
[INFO] [stderr]     Checking uefi v0.5.0
[INFO] [stderr]     Checking uefi-services v0.2.5
[INFO] [stderr]     Checking uefi-rs-sample v0.1.0 (/opt/rustwide/workdir)
[INFO] [stdout] warning: unused imports: `Input`, `Output`
[INFO] [stdout]   --> src/main.rs:11:34
[INFO] [stdout]    |
[INFO] [stdout] 11 | use uefi::proto::console::text::{Input, Output};
[INFO] [stdout]    |                                  ^^^^^  ^^^^^^
[INFO] [stdout]    |
[INFO] [stdout]    = note: `#[warn(unused_imports)]` on by default
[INFO] [stdout] 
[INFO] [stdout] 
[INFO] [stdout] error[E0107]: wrong number of type arguments: expected 1, found 0
[INFO] [stdout]   --> src/main.rs:14:80
[INFO] [stdout]    |
[INFO] [stdout] 14 | pub extern "C" fn efi_main(_image_handle: uefi::Handle, system_table: &'static SystemTable) -> ! {
[INFO] [stdout]    |                                                                                ^^^^^^^^^^^ expected 1 type argument
[INFO] [stdout] 
[INFO] [stdout] 
[INFO] [stdout] error[E0107]: wrong number of type arguments: expected 1, found 0
[INFO] [stdout]  --> src/shell.rs:6:37
[INFO] [stdout]   |
[INFO] [stdout] 6 | pub fn shell(system_table: &'static SystemTable,stdin: &mut Input, stdout: &mut Output) -> ! {
[INFO] [stdout]   |                                     ^^^^^^^^^^^ expected 1 type argument
[INFO] [stdout] 
[INFO] [stdout] 
[INFO] [stdout] error[E0107]: wrong number of type arguments: expected 1, found 0
[INFO] [stdout]  --> src/common.rs:4:40
[INFO] [stdout]   |
[INFO] [stdout] 4 | pub fn get_char(system_table: &'static SystemTable,stdin: &mut Input) -> u16 {
[INFO] [stdout]   |                                        ^^^^^^^^^^^ expected 1 type argument
[INFO] [stdout] 
[INFO] [stdout] 
[INFO] [stdout] error[E0107]: wrong number of type arguments: expected 1, found 0
[INFO] [stdout]   --> src/common.rs:19:42
[INFO] [stdout]    |
[INFO] [stdout] 19 | pub fn get_string(system_table: &'static SystemTable,stdin: &mut Input,stdout: &mut Output) -> [u16;32] {
[INFO] [stdout]    |                                          ^^^^^^^^^^^ expected 1 type argument
[INFO] [stdout] 
[INFO] [stdout] 
[INFO] [stdout] error: aborting due to 4 previous errors; 1 warning emitted
[INFO] [stdout] 
[INFO] [stdout] 
[INFO] [stdout] For more information about this error, try `rustc --explain E0107`.
[INFO] [stdout] 
[INFO] [stderr] error: could not compile `uefi-rs-sample`.
[INFO] [stdout] warning: unused imports: `Input`, `Output`
[INFO] [stdout]   --> src/main.rs:11:34
[INFO] [stdout]    |
[INFO] [stdout] 11 | use uefi::proto::console::text::{Input, Output};
[INFO] [stdout]    |                                  ^^^^^  ^^^^^^
[INFO] [stdout]    |
[INFO] [stdout]    = note: `#[warn(unused_imports)]` on by default
[INFO] [stdout] 
[INFO] [stdout] 
[INFO] [stderr] 
[INFO] [stdout] error: duplicate lang item in crate `std` (which `test` depends on): `panic_impl`.
[INFO] [stdout]   |
[INFO] [stdout]   = note: the lang item is first defined in crate `uefi_services` (which `uefi_rs_sample` depends on)
[INFO] [stdout]   = note: first definition in `uefi_services` loaded from /opt/rustwide/target/debug/deps/libuefi_services-0ad001c761960325.rmeta
[INFO] [stdout]   = note: second definition in `std` loaded from /opt/rustwide/rustup-home/toolchains/af3c6e733a40e671550e0f0f5aeecaa13772ba56/lib/rustlib/x86_64-unknown-linux-gnu/lib/libstd-faa3fd6c69b73b7d.rlib
[INFO] [stdout] 
[INFO] [stdout] 
[INFO] [stderr] To learn more, run the command again with --verbose.
[INFO] [stdout] error: duplicate lang item in crate `std` (which `test` depends on): `oom`.
[INFO] [stdout]   |
[INFO] [stdout]   = note: the lang item is first defined in crate `uefi_services` (which `uefi_rs_sample` depends on)
[INFO] [stdout]   = note: first definition in `uefi_services` loaded from /opt/rustwide/target/debug/deps/libuefi_services-0ad001c761960325.rmeta
[INFO] [stdout]   = note: second definition in `std` loaded from /opt/rustwide/rustup-home/toolchains/af3c6e733a40e671550e0f0f5aeecaa13772ba56/lib/rustlib/x86_64-unknown-linux-gnu/lib/libstd-faa3fd6c69b73b7d.rlib
[INFO] [stdout] 
[INFO] [stdout] 
[INFO] [stderr] warning: build failed, waiting for other jobs to finish...
[INFO] [stdout] error: duplicate lang item in crate `panic_unwind` (which `std` depends on): `eh_personality`.
[INFO] [stdout]   |
[INFO] [stdout]   = note: the lang item is first defined in crate `uefi_services` (which `uefi_rs_sample` depends on)
[INFO] [stdout]   = note: first definition in `uefi_services` loaded from /opt/rustwide/target/debug/deps/libuefi_services-0ad001c761960325.rmeta
[INFO] [stdout]   = note: second definition in `panic_unwind` loaded from /opt/rustwide/rustup-home/toolchains/af3c6e733a40e671550e0f0f5aeecaa13772ba56/lib/rustlib/x86_64-unknown-linux-gnu/lib/libpanic_unwind-a9e48811766e19b7.rlib
[INFO] [stdout] 
[INFO] [stdout] 
[INFO] [stdout] error[E0107]: wrong number of type arguments: expected 1, found 0
[INFO] [stdout]   --> src/main.rs:14:80
[INFO] [stdout]    |
[INFO] [stdout] 14 | pub extern "C" fn efi_main(_image_handle: uefi::Handle, system_table: &'static SystemTable) -> ! {
[INFO] [stdout]    |                                                                                ^^^^^^^^^^^ expected 1 type argument
[INFO] [stdout] 
[INFO] [stdout] 
[INFO] [stdout] error[E0107]: wrong number of type arguments: expected 1, found 0
[INFO] [stdout]  --> src/shell.rs:6:37
[INFO] [stdout]   |
[INFO] [stdout] 6 | pub fn shell(system_table: &'static SystemTable,stdin: &mut Input, stdout: &mut Output) -> ! {
[INFO] [stdout]   |                                     ^^^^^^^^^^^ expected 1 type argument
[INFO] [stdout] 
[INFO] [stdout] 
[INFO] [stdout] error[E0107]: wrong number of type arguments: expected 1, found 0
[INFO] [stdout]  --> src/common.rs:4:40
[INFO] [stdout]   |
[INFO] [stdout] 4 | pub fn get_char(system_table: &'static SystemTable,stdin: &mut Input) -> u16 {
[INFO] [stdout]   |                                        ^^^^^^^^^^^ expected 1 type argument
[INFO] [stdout] 
[INFO] [stdout] 
[INFO] [stdout] error[E0107]: wrong number of type arguments: expected 1, found 0
[INFO] [stdout]   --> src/common.rs:19:42
[INFO] [stdout]    |
[INFO] [stdout] 19 | pub fn get_string(system_table: &'static SystemTable,stdin: &mut Input,stdout: &mut Output) -> [u16;32] {
[INFO] [stdout]    |                                          ^^^^^^^^^^^ expected 1 type argument
[INFO] [stdout] 
[INFO] [stdout] 
[INFO] [stdout] error: aborting due to 7 previous errors; 1 warning emitted
[INFO] [stdout] 
[INFO] [stdout] 
[INFO] [stdout] For more information about this error, try `rustc --explain E0107`.
[INFO] [stdout] 
[INFO] [stderr] error: build failed
[INFO] running `Command { std: "docker" "inspect" "cc3faeb3bbff5df1acf97c6bc8566db0f83d684a07919ef38253c995239613b9", kill_on_drop: false }`
[INFO] running `Command { std: "docker" "rm" "-f" "cc3faeb3bbff5df1acf97c6bc8566db0f83d684a07919ef38253c995239613b9", kill_on_drop: false }`
[INFO] [stdout] cc3faeb3bbff5df1acf97c6bc8566db0f83d684a07919ef38253c995239613b9
